 of y and 784.
98
Suppose 65368 + 4832 = 36*r. Calculate the highest common factor of r and 40.
10
Let p(f) = f**2 + 14*f + 53. Let y be p(-11). Calculate the highest common factor of 455 and y.
5
Suppose 2 = -4*j - 2, 2*j + 1038 = d. Calculate the greatest common divisor of 252 and d.
28
Let b = -635 + 628. Let z be (6/b)/(((-9)/(-735))/(-3)). Calculate the greatest common factor of z and 20.
10
Let v = -12708 + 12718. What is the greatest common factor of v and 418?
2
Let w = 9 + -14. Let p be 6*w/10 - -8. What is the highest common factor of 40 and p?
5
Suppose 375 = -8*y + 2775. Suppose -13*l = -15*l + y. Calculate the greatest common factor of 6 and l.
6
Let o(t) = -t**2 - 64*t + 1691. Let w be o(-82). What is the highest common factor of 9073 and w?
43
Let j(r) = 3*r**3 + 55*r**2 + 52*r + 169. Let l be j(-15). Calculate the highest common factor of l and 745.
149
Let g(h) = 4*h**3 - 5*h**2 - 5*h + 24. Let x be g(4). Let q = x + -175. What is the greatest common factor of q and 4?
1
Let f(r) = -2*r**3 - 10*r**2 - 7*r - 5. Let u = -22 + 32. Suppose -4*o + u = 30. Let q be f(o). What is the highest common divisor of 15 and q?
15
Let n be (10 - -3 - 1)/(-2). Suppose o - 39 + 8 = 4*v, 3*o = -v + 80. Let l = o + n. What is the highest common factor of 21 and l?
21
Suppose -3*q + 6*q - d = -1, -5 = 4*q - 5*d. Suppose q = -13*t + 21*t - 40. What is the greatest common factor of t and 145?
5
Let y be (30/(-8) - (-1)/(-4))/(691/(-19348)). Calculate the highest common factor of 512 and y.
16
Let o(q) = q**2 - 37*q + 1533. Let b be o(35). What is the highest common divisor of 14 and b?
7
Let o(d) = d + 20. Let l be o(-12). Let j = -2 + l. Suppose -25 = j*r - 217. Calculate the highest common divisor of 4 and r.
4
Let l = -80 - -75. Let z(u) = -29*u + 91. Let y be z(l). What is the highest common divisor of 177 and y?
59
Let c = -106 - -94. Let w(h) = -h**2 + 4*h - 2. Let q be w(4). Let b = q - c. Calculate the highest common factor of 50 and b.
10
Suppose 5*y - 3*c = 4974, -4*c = 58*y - 54*y - 4024. What is the greatest common factor of y and 6?
3
Let t be (-13)/(221/(-255)) + -10. Let l = -8 - 1. Let s be 2/3 + (-219)/l. What is the highest common divisor of s and t?
5
Suppose 0 = -9*p - 2056 - 5558. Let d = p - -894. Calculate the greatest common factor of 6 and d.
6
Suppose 0 = -5*r + 33*v - 32*v + 145, 2*r + 2*v - 46 = 0. Let d = 251 - 95. Suppose 54 = 5*h - d. Calculate the greatest common divisor of r and h.
14
Let i = 40 - 41. Let b be (i + 1)*(3 + -2). Suppose 3*l - 2*f - 71 = -3*f, b = -2*l + 3*f + 29. Calculate the highest common factor of l and 33.
11
Let h be 123 - 1 - -2*21/14. Suppose -70 = -2*g + 2*i, 0 = 4*g + 47*i - 46*i - h. What is the highest common factor of 10 and g?
2
Suppose 1108*w = 1155*w - 27072. What is the highest common divisor of w and 108?
36
Let g = 23507 + -23476. What is the highest common factor of 5952 and g?
31
Let b(z) = 6*z**3 - 33*z**2 + 99*z. Let t be b(4). What is the greatest common divisor of 532 and t?
28
Let y(o) = o**3 + 21*o**2 - 45*o + 30. Let a be y(-23). Suppose -a*f - 2*v = -6*f - 45, 4*f - v - 207 = 0. Calculate the greatest common factor of f and 9.
3
Let y = 1919 + -1913. Let g be 6/5*(-10)/(-4). Suppose -26 = -g*w + 10. Calculate the greatest common factor of y and w.
6
Let b = -4735 + 6207. What is the highest common factor of b and 230?
46
Let i = 13673 - 13651. What is the greatest common factor of 18854 and i?
22
Let y(z) = 5*z**3 - 9*z**2 - 2*z - 3. Let c = 339 + -335. Let u be y(c). What is the highest common factor of 15 and u?
15
Suppose -k = -4*f - 678, 123*k - 726 = 122*k - 4*f. What is the highest common divisor of k and 8892?
234
Let b(z) = 9*z - 252. Let c be b(29). Calculate the greatest common divisor of 2367 and c.
9
Let g(u) = 4*u**2 - 14*u - 120. Let q be g(-9). Calculate the highest common factor of q and 6.
6
Let w = 1249 + -477. What is the highest common divisor of 8 and w?
4
Let b be 4/40 + (-1)/10 - 6. Let s(t) = -t**2 - 9*t + 10. Let j be s(b). What is the greatest common factor of j and 182?
14
Suppose -4*q = -3*r - 3, 4*r - 88 = 5*q - 89. Suppose 0 = k - 2*b + 1 - 6, -4*k + 2*b + 8 = 0. What is the greatest common factor of k and q?
1
Suppose -14*h + 493 = h + 133. Let k be (-2)/4 + 818/4. Suppose 5*a - 96 = k. Calculate the highest common factor of a and h.
12
Let u be (8/6)/(2/18). Suppose 223*g - 210*g = 858. Let v be 165/g + (-1382)/(-4). What is the greatest common factor of u and v?
12
Let b = 2242 - 2206. Calculate the highest common divisor of 69 and b.
3
Let l(q) = -17*q**2 - 10*q + q**3 + 16 + 19*q + 11*q**2. Let b be l(6). Calculate the highest common divisor of 10 and b.
10
Let m be 239 + (-7 - ((-1 - -1) + -4)). Let o = m + -223. Suppose x = -x + b + 394, 3*x = 5*b + 605. Calculate the greatest common factor of o and x.
13
Let q be 1 + -1 + (-13 + 7 + 1 - -205). Calculate the highest common divisor of 550 and q.
50
Let t(w) = -379*w + 681. Let q be t(-8). What is the highest common divisor of q and 94?
47
Suppose 2*j + 0 - 8 = 0. Suppose 5*r - 2*m + 39 = -142, -5*m = -15. Let p = 51 + r. What is the greatest common factor of j and p?
4
Let p = 324 + -324. Let i(b) = 70 - 5 - 11*b + 17*b. Let j be i(p). What is the greatest common divisor of 13 and j?
13
Suppose -3*x = 78*k - 82*k - 97, -3*x = 5*k - 61. Suppose 5*v + 0*v = 10. Suppose 0 = v*y - 117 + x. Calculate the highest common factor of 270 and y.
45
Let l(t) = -286*t + 4308. Let s be l(15). What is the highest common divisor of s and 279?
9
Suppose -2604 = -100*a - 704. Calculate the highest common factor of 14174 and a.
19
Let x = -409177 + 409181. Let r be (10 - -1)*-1*-2. What is the greatest common factor of r and x?
2
Suppose 0*c + 5 = -2*c + b, 3*c - 3*b + 9 = 0. Let r be (-1 - -2)/(11/1441) - c. Calculate the highest common factor of 19 and r.
19
Suppose 4*v = -5*x - 664, 3*x - v = -209 - 186. Suppose 6*b - b = -t - 8, -8 = -t + 3*b. Let w be 16/(-32)*x/t. What is the greatest common divisor of 33 and w?
33
Let r be 2142/17 - 1 - -13. What is the greatest common factor of 966 and r?
138
Let w be (-24)/60 - ((-48)/25)/((-39)/(-4030)). Calculate the greatest common divisor of w and 3894.
66
Let i(l) = 45*l + 4233. Let k be i(-60). Calculate the highest common factor of 168 and k.
21
Let x = -3946 + 4009. Calculate the highest common divisor of x and 10563.
21
Suppose 652 = 5*m - 1993. Suppose -531 = -23*n - 49*t + 48*t, 4*t - 77 = -3*n. Calculate the highest common divisor of m and n.
23
Let w = -2631 - -3879. Calculate the highest common factor of 480 and w.
96
Let o = -203713 - -204324. Let z be (0 - 0) + 52/4. What is the greatest common divisor of z and o?
13
Let a be (-14)/(-4)*15/14*460. Calculate the greatest common divisor of a and 276.
69
Suppose 264 - 146 = -2*x + 782. Calculate the highest common divisor of x and 4.
4
Suppose -2*g = 1 - 7. Suppose 3*h - 96 = -i, -h = -g*i - 3*h + 260. Suppose -2*p = -0*p - i. Calculate the greatest common factor of p and 28.
14
Suppose -133968 - 238461 = -76*h + 315523. What is the greatest common divisor of h and 124?
124
Let r be 40/12*324/8. Suppose 130 = 4*p + 22. What is the highest common factor of p and r?
27
Let t(l) = -2*l**3 + 30*l**2 + 8*l - 32. Let p be t(15). Suppose 89*a - 56 = p*a. What is the greatest common divisor of 7 and a?
7
Let c = -62 - -72. Suppose 16 = c*n - 6*n. Let k be (n + (-80)/(-12))/(1/3). What is the greatest common divisor of 16 and k?
16
Let h = 128 + -54. Let n = h - 72. Let o be ((-6)/(-4))/((-2)/(-4)). Calculate the highest common factor of o and n.
1
Let k = 7410 + -3342. Suppose -7*n + 5*b = -9*n + 1633, 5*n - k = 2*b. Calculate the greatest common divisor of n and 74.
74
Let j(d) = 3*d**2 - 22*d - 109. Let w(o) = o**2 - 2*o - 1. Let g(k) = j(k) - 2*w(k). Let c be g(25). What is the greatest common factor of c and 17?
17
Suppose -u = -2*c + 462, -3*c - 980*u = -977*u - 666. What is the greatest common factor of c and 3724?
76
Let b(x) = -222*x - 1095. Let z be b(-7). What is the greatest common divisor of z and 561?
51
Suppose 5*p = 25, -4*o + 13*p - 10*p = -1761. Calculate the highest common divisor of 6364 and o.
148
Let m(l) = l + 8. Let n be m(-5). Let z(h) = -52*h**2 + 3*h - 2. Let g be z(n). Let x = 